n factor of 120 and r?
60
Suppose -619 = -2*n - t, -3*n + 38*t + 935 = 33*t. Calculate the greatest common factor of 160 and n.
10
Let h = 144 + 605. Calculate the highest common factor of h and 535.
107
Suppose c = 5 + 1. Suppose -21*r - 5*r + 27300 = 0. Suppose 94*j - 59*j - r = 0. What is the greatest common divisor of j and c?
6
Suppose -45360 = -206*p + 136*p. Calculate the highest common factor of 24 and p.
24
Let m(v) = 12*v**2 - 57*v + 3. Let g be m(5). Suppose 3*j + g*j = 252. What is the greatest common divisor of 252 and j?
12
Suppose -2*a + 42 + 90 = 0. Let p be a*((-16)/(-6) - 2). Let i = p - 43. What is the highest common divisor of 3 and i?
1
Let h be -4 - (-4 + -8 - 4). Let l(u) = 2*u**2 - u - 12. Let c be l(0). Let m = h - c. What is the greatest common factor of 40 and m?
8
Let u = 17647 - 17619. Calculate the highest common factor of u and 580.
4
Let m be -1 + -2*(-70 - (-3 - -6)). Suppose -80 = -m*w + 140*w. Calculate the greatest common factor of w and 304.
16
Let f be 2292 + 12 + 11 + 12. Calculate the highest common factor of f and 104.
13
Suppose -j = -4 + 5. Let t be 36*j + 3 + -4 + 3. Let v = 36 + t. Calculate the greatest common factor of 2 and v.
2
Let g be ((-5 - (-96)/15)*15)/((-37)/(-8695)). What is the greatest common divisor of 420 and g?
105
Suppose 12*b - 3 = 21. Let n be b + 112/(-60) - 1348/(-15). Calculate the highest common divisor of n and 990.
90
Let z(k) = k**2 + 16*k + 48. Let u be z(-12). Suppose -3*n + 3*w + 57 = u, -10 - 81 = -5*n + 4*w. What is the greatest common divisor of 10 and n?
5
Let c = 21 + 45. Let u = -41 + c. Suppose 7*k = 9*k - 550. Calculate the highest common factor of k and u.
25
Let q be (-1 - 3/(-9))*(-1131 - 0). Calculate the greatest common divisor of 1624 and q.
58
Suppose 3*s - 6*s = -126. Let w = -143 - -137. Let p(b) = b**3 + 5*b**2 - 7*b + 1. Let i be p(w). What is the greatest common divisor of s and i?
7
Let z = -16 - -28. Suppose y - 6 = -y. Suppose -y*l + 142 = 34. Calculate the greatest common factor of l and z.
12
Let x be (((-1568)/(-12))/14)/((-1)/(21/(-2))). What is the greatest common factor of 8085 and x?
49
Let w(r) = -22*r**2 - r - 1. Let a be w(2). Let b = 101 + a. What is the greatest common divisor of b and 290?
10
Suppose -7437 + 45 = -22*u. What is the highest common factor of 84 and u?
84
Suppose -831 - 1925 = -13*r. Suppose -r = -4*y + 3*y. Suppose 28 - y = -8*c. What is the highest common factor of c and 46?
23
Let r(b) = -b**2 + 10*b + 633. Let m be r(-20). Calculate the highest common divisor of m and 407.
11
Let r(s) = 12*s - s**3 + 2*s + 150 - 159 + 10*s**2. Let l be r(11). Calculate the highest common divisor of 78 and l.
6
Suppose -2*k + 147 = 5*y, k + 0*k + 66 = 2*y. Let a be 6/(-4)*548*(-2)/3. Suppose 84*s - a = 2056. What is the highest common divisor of s and y?
31
Let t = 1 + 37. Suppose 0 = i - 21 + t. Let a = i + 35. Calculate the highest common factor of a and 18.
18
Let l(v) = v**3 - 13*v**2 + 4*v - 40. Suppose 2*i = 2*w - w - 7, -3*w + 4*i = -27. Let g be l(w). What is the greatest common divisor of g and 108?
12
Let d be 2/3*-6 + 499*1. Let z = d + -431. What is the highest common factor of z and 16?
16
Let i = -2760 - -2827. Calculate the highest common factor of 737 and i.
67
Let x be (-24)/((-40)/(-5)) - -9. Calculate the highest common divisor of x and 14.
2
Let x = 26 + -17. Suppose x*w - 3*w = 540. Suppose 0 = 4*c - 9*c + w. Calculate the highest common factor of 45 and c.
9
Let n(h) = -1094*h + 2227. Let i be n(2). What is the greatest common factor of i and 1911?
39
Let k(w) = -w**3 + 13*w**2 + 15*w + 8. Let a be 4/(9/7 - 3/3). Let y be k(a). What is the greatest common divisor of 22 and y?
22
Let k be 365/(-10)*1*-6. Suppose 23*a = -81 + k. What is the greatest common divisor of a and 2?
2
Let o be 57540/492 - (-16)/328. Calculate the highest common factor of o and 3796.
13
Let r = -24 - -29. Suppose -3*h - 1 = o, -h + 1 = o - 0*h. Suppose p + 3*y - 14 + r = 0, o*y + 64 = 4*p. Calculate the greatest common factor of p and 3.
3
Let r(n) = 19*n + 201. Let i(h) = 4*h + 1. Let f(o) = -6*i(o) - r(o). Let v be f(-23). What is the highest common factor of 17 and v?
17
Suppose 1165 = 2*k - x, 227*k - 224*k - x - 1741 = 0. Let d = 299 + -171. Calculate the highest common divisor of d and k.
64
Let v be (-310 - -313) + 117 + -1 + 1. Let a(k) = 17*k + 7. Let m be a(9). Calculate the greatest common divisor of m and v.
40
Let s(k) = -k**3 + 60*k**2 + 75*k - 849. Let f be s(61). What is the greatest common divisor of 107 and f?
1
Let a be 4/10 - (-88)/5. Suppose 34*j - 1915 = 1637 - 84. Calculate the highest common factor of j and a.
6
Let t = -55138 - -55167. Let s(c) = 2*c + 3. Let p be s(-2). Let o be p + (-2)/((-4)/466). What is the greatest common factor of t and o?
29
Suppose -95*s - 4403 = -128. Let w be 2/3 - (-320)/6. Let b = s + w. What is the highest common divisor of b and 63?
9
Let i = -3445 + 3556. What is the highest common factor of 1924 and i?
37
Suppose -3*b + 178 = 13. Let o = -17 + 133. Let f = o - 111. Calculate the greatest common factor of f and b.
5
Let u be 9/(-45) - 21/(-5). Suppose -31 = -u*r + 17. Let s be r/42*2 + 290/7. What is the greatest common factor of 18 and s?
6
Let w = 9 - 6. Suppose q = -2, -4*q - 25 + 14 = -3*z. Suppose 0 = w*m - 5*k - z, k + 4*k = m + 13. What is the highest common factor of 77 and m?
7
Suppose -26*z + 28*z = 2, a + 4*z - 6 = 0. Let i = -12 + 20. What is the highest common divisor of i and a?
2
Suppose -a + 58 = -5 - 12. Calculate the highest common factor of 177 and a.
3
Let i(d) = d**2 + d - 10. Let u be i(3). Let x(h) = 9*h**2 + 8*h + 2. Let o be x(-2). Let r = o + -19. Calculate the highest common divisor of r and u.
1
Suppose 3*c - 11641 = -i, -5*i + 2*c = -0*c - 58324. What is the highest common divisor of 34 and i?
34
Suppose -r - 13641 = -13655. What is the highest common divisor of r and 1106?
14
Let w(j) = 3*j**2 - 74*j - 339. Let c be w(35). Calculate the greatest common divisor of c and 14.
2
Let w be (-3780)/(-350) + 1/5 + 387. What is the greatest common divisor of w and 26?
2
Let v be 308/7*(15/(-2))/5. Let z = v + 157. What is the highest common factor of 52 and z?
13
Let v = -6 + 10. Suppose 5*s - 4*s - 2*o - 35 = 0, v*s + 5*o = 140. Calculate the highest common factor of 70 and s.
35
Let m(h) = 16*h - 1349. Let v be m(104). What is the greatest common factor of 4515 and v?
105
Suppose 8 = 4*f + 2*n, -5*f = 2*n + 22 - 34. Let s = -30 - -80. Let a = s - 34. Calculate the greatest common divisor of f and a.
4
Let l = 6358 + -6301. Calculate the greatest common divisor of l and 247.
19
Let w(r) = -3600*r**3 + 7*r**2 + 3*r - 5. Let m be w(-1). Calculate the greatest common divisor of 767 and m.
59
Suppose -7*s = -5*a - 3177, -4*s - 11*a + 13*a + 1818 = 0. Calculate the greatest common divisor of 120 and s.
24
Suppose -195 - 9705 = -24*p + 19*p. Calculate the highest common divisor of 120 and p.
60
Suppose -8*w - 1495 = -1671. Suppose -5*d - 12 = -3*d. Let r be d/4*24/(-18). Calculate the highest common divisor of w and r.
2
Let s(g) = 24*g + 1186. Let v be s(-49). What is the highest common divisor of 490 and v?
10
Let d(j) = 10*j + 150. Let p be d(-11). Calculate the greatest common factor of p and 415.
5
Let f = 2 - 7. Let j be (-126)/(-10) - (-3)/f. Suppose 77*z - 180 = 72*z. Calculate the greatest common divisor of z and j.
12
Suppose -5*a = -17423 - 817. Suppose -i = -25*i + a. Calculate the greatest common factor of 12 and i.
4
Suppose -i = 4*q - 30, i - 55 = 2*q - 7. Let p = 63 - i. Calculate the highest common factor of 28 and p.
7
Suppose 221280 = 80*k - 4*k + 48152. Calculate the greatest common divisor of k and 335.
67
Let g = -215 + 272. Let q(c) = -7*c + 15. Let a(r) = -r + 1. Let v(f) = -4*a(f) + q(f). Let h be v(-9). What is the greatest common factor of g and h?
19
Let w(n) = -n**3 + 31*n**2 + 33*n + 3. Let r be w(32). Let o = 20 - 10. Let c be 2/(-5) + 214/o. Calculate the greatest common divisor of r and c.
7
Suppose -48*c = -36*c - 600. Suppose 4*g - 7 - 493 = 0. Calculate the highest common divisor of c and g.
25
Suppose 7*n - 6*n - 7 = 0. Suppose -9 = 4*h - n*h. Let v be 6*(-70)/(-15) - h/1. Calculate the greatest common divisor of v and 50.
25
